 997192 - 1393393. What are the prime factors of m?
5, 11119
Suppose -5*w + 23 = h, -2*w = 4*h - 2*h - 22. What are the prime factors of 1054/h + (-3)/(-13 + 1)?
2, 3, 11
Let s be -1*(10 - -1 - 11). Let r(f) = -74*f**3 + f**2 - f - 1. Let z be r(-1). Suppose s = 76*c - z*c - 152. List the prime factors of c.
2, 19
Suppose -5*s = 23*k - 109119, 3*k - 11 = -2. What are the prime factors of s?
2, 3, 5, 727
Let s = 5416 + -8094. Let d = -1409 - s. List the prime factors of d.
3, 47
Suppose 0 = 8*o - 1813 - 2515. List the prime factors of o.
541
Suppose -2*m + 21258 + 3081 = -1119. What are the prime factors of m?
3, 4243
Let b be (40/260 - (-4)/(-26))*-1. What are the prime factors of (2 + b)/8 - 45045/(-156)?
17
Suppose -402183 - 893877 = -60*g. List the prime factors of g.
21601
Suppose 1360 + 1864 = 8*j. Let g be j/104 + (-2)/(-16). Suppose 5*d = 2*a - 191, -g*a + 229 = -a + 4*d. What are the prime factors of a?
83
Let g(b) = -b**2 - 34*b + 14. Let n be -6*((-36)/(-6) - 5). List the prime factors of g(n).
2, 7, 13
Suppose 65 + 127 = 16*b. Suppose 26*s = b*s + 3892. List the prime factors of s.
2, 139
Suppose w = -5, -22*w - 32510 = -5*x - 26*w. List the prime factors of x.
2, 3253
Suppose -189*h + 193*h = 7836. Let d = h + -961. What are the prime factors of d?
2, 499
Suppose 636506 + 122389 = 49*c + 11498. List the prime factors of c.
7, 2179
Let f = 2551 + 18265. List the prime factors of f.
2, 1301
Suppose 17*s - 9453 = 74306. What are the prime factors of s?
13, 379
Let y be -3*(25/15 - 3). Let w be 2 + 196 + y + -4. Suppose -x = f - 3*f + w, -3*f + 288 = 3*x. List the prime factors of f.
2, 7
Let m = -1 - 20. Let x = -53 - m. List the prime factors of (0 - 788/(-5)) + x/(-80).
2, 79
Let p = -918 - -843. What are the prime factors of 30/p*10*(-359 - 0)?
2, 359
Suppose -2997 = -5*g - 15*b + 19*b, 0 = -4*g + b + 2402. List the prime factors of g.
601
Suppose 0 = -2*i - 4*g + 76, 0*i + 154 = 5*i + g. Let w = i + -18. Suppose -w*r + 336 = -9*r. List the prime factors of r.
2, 7
Suppose -59*i - 75292 = -62*i - 5*s, 0 = -4*i - 5*s + 100401. List the prime factors of i.
7, 17, 211
Suppose 2*y + 1 = 5*t - 0, -14 = 3*y + 5*t. What are the prime factors of y*(-4)/(-6) - (5 + -836)?
829
Let i(u) = -194*u + 26. Let x be i(-6). Suppose -1223*o + 1221*o + x = 0. List the prime factors of o.
5, 7, 17
List the prime factors of 8/(-3) - -3 - 441496/(-87).
5, 7, 29
Let l(p) = 52*p**2 - 16*p + 28. Let o be l(3). Suppose -63*k = -47*k - o. What are the prime factors of k?
2, 7
Suppose 4*d - o - 9763 = 5595, 7676 = 2*d - o. List the prime factors of d.
23, 167
Let b(z) = z**3 + 9*z**2 + 13*z + 12. Let v be b(-8). Let f = v + 33. Suppose f*s - 2*j = 366, -s + 3*j + 70 = j. What are the prime factors of s?
2, 37
Suppose -10*w = 2*w - 48. List the prime factors of (-64)/(3 + (-13)/w).
2
Let d = 120613 - 74580. What are the prime factors of d?
13, 3541
Let y(i) = 3505*i**2 + 25*i + 50. What are the prime factors of y(5)?
2, 5, 439
Suppose -3 - 7 = q. Let w be 4 + 96/q + (-2)/5. List the prime factors of 14/((6/(-63))/(w/9)).
2, 7
Let x(k) = 580*k + 81. What are the prime factors of x(10)?
5881
Suppose -180 = -70*o + 74*o. Let x = 71 + o. Suppose -7*b = -x - 65. List the prime factors of b.
13
What are the prime factors of (664 + -1)*(-1725)/(-225)?
13, 17, 23
Suppose t - 6367*h = -6364*h + 39301, -4*t + 5*h + 157155 = 0. List the prime factors of t.
2, 5, 491
Let c(a) = 32*a - 93. Let v be c(3). List the prime factors of (v*3)/(228/11932).
3, 157
Let w = -35 + 71. Let g be 7/3 + (-12)/w. Suppose g*z = -5*p - 3*z + 195, -2*z - 160 = -5*p. List the prime factors of p.
2, 17
Let h = -1376 + 3200. What are the prime factors of h?
2, 3, 19
Suppose 3*j + 4*a = -66, -j - 6*a - 22 = -a. Let x = j + 22. Suppose 32*u - 37*u + 820 = x. What are the prime factors of u?
2, 41
Let a be 25*(-5 + 2*-125). What are the prime factors of 28/(280/a)*4/(-3)?
2, 5, 17
Let w(r) = r**3 - 7*r**2 - 26*r + 23. Suppose 4*h - 48 = f, 6*h - 2*h + 4*f - 28 = 0. List the prime factors of w(h).
13, 17
Let f(d) = -2*d**3 + 5*d**2 + 2*d. Let s be (16/10)/((-68)/(-20) - 3). Let g be f(s). Let j = -7 - g. What are the prime factors of j?
3, 11
Let s(o) = 7*o**3 - 2*o + 3. Let p be s(-3). Let w be (-1663)/15 - (-24)/p. Let n = -76 - w. What are the prime factors of n?
5, 7
Suppose 0 = -2*j + 4*m - 1234, 3*m + 1199 = 2*j - 4*j. Let s = -88 - j. What are the prime factors of s?
3, 173
Suppose 301*a + 13740 = 306*a. Let w = -1138 + a. What are the prime factors of w?
2, 5, 7, 23
Let h be (-7)/(-4)*(-12)/(-15)*(-7 + 12). Suppose 2*k = 27 + 75. Suppose h*o - 1493 = -k. List the prime factors of o.
2, 103
Suppose 39611 = 287*t - 283*t - 5*m, -2*m = -2. What are the prime factors of t?
2, 619
Let h(c) = -6*c - 3. Let p be h(-1). Suppose 5*u - 1128 = -4*q, -699 = -0*u - p*u + 5*q. List the prime factors of u.
2, 3, 19
Suppose 4 = -25*m + 27*m. Suppose m*k - 71 = -15. What are the prime factors of k?
2, 7
Let r be 3/2*1*824. Suppose 0*h = -z - 4*h + 1221, r = z + h. What are the prime factors of z/68 + (-3)/(-4)?
19
What are the prime factors of ((-19600)/(-5))/(-16)*7/(-1)?
5, 7
Suppose 0 = -8*h - 3762 + 17874. What are the prime factors of h?
2, 3, 7
Suppose i - 4400 = -q, 2*i - 4*q - 4405 = i. Suppose -i = -5*l + o, -4*l - 8*o = -7*o - 3528. What are the prime factors of l?
881
What are the prime factors of 3693 - (-2)/8*12?
2, 3, 7, 11
Let a be -4 - ((-1)/1 - 6). Suppose -24 - 8 = 4*j - 5*d, 0 = 2*j - a*d + 18. List the prime factors of (16/j)/(14/(-21)).
2
Suppose 0 = q - 34 - 71. Suppose -11*r + q = -14*r. Let c = r - -40. List the prime factors of c.
5
Let j(m) = 13*m**2 - 49*m - 20. What are the prime factors of j(22)?
2, 7, 53
Suppose -a = -0*b + 3*b - 6649, -a - 6*b + 6643 = 0. What are the prime factors of a?
5, 11
Suppose 0 = 166*i + 30*i - 1048072 - 3434840. What are the prime factors of i?
2, 3, 953
Suppose 0 = -5*o - 123 + 48. Let k be (-4)/(-10) - 159/o. Let c(f) = f**2 - 8*f + 17. What are the prime factors of c(k)?
2, 5
Let b(x) = 102*x**3 - 2*x**2 + 19*x - 4. Let f be b(3). Suppose -4*d = -6*d - 5*g + 1417, -4*d - g = -f. List the prime factors of d.
2, 3, 29
What are the prime factors of (-3)/(27/(-319080)) + (-86)/(-129)?
2, 3, 19, 311
Suppose 4*g - 63 = -19. Let i be ((-165)/2)/g*-6*1. What are the prime factors of (0 - -6)*(-30)/i - -179?
5, 7
What are the prime factors of 11 + 12 + -21 + 2803?
3, 5, 11, 17
Let f(s) = -s - 1. Let g(r) = -28*r - 26. Let j(m) = 5*f(m) - g(m). What are the prime factors of j(8)?
5, 41
Suppose 1199*d - 121970 = 1189*d. List the prime factors of d.
12197
Let i(f) = -14*f - 5. Let l be i(10). Let w = 149 + l. What are the prime factors of w?
2
Let b(r) = 3*r**3 + 10*r**2 - 37*r + 20. Let n be b(8). Suppose -2*j = 6*d - 2*d - 1270, n = 3*j + d. What are the prime factors of j?
3, 211
Suppose 124299 = 13*k + 565. What are the prime factors of k?
2, 4759
Suppose 6494648 + 406202 = 275*h. List the prime factors of h.
2, 12547
Let c(m) = -9*m**3 - 2*m**2 - 5*m - 3. Let v be c(-3). Let q = v - 216. What are the prime factors of q?
3, 7
Let o(y) = -2257*y + 30. Let q be o(-1). Suppose 4*c + 4*j = -j + q, j = -5. What are the prime factors of c?
2, 17
Let u(z) = 152*z + 2035. List the prime factors of u(20).
5, 7, 29
Let t(c) = 17*c**2 - 19*c + 16. Let x be t(13). Suppose -7*u = -2*u + 2*j - x, u - 3*j = 542. Let y = u - 374. What are the prime factors of y?
2, 3, 13
Let x = -31 - 11. Suppose 162 = -105*u - 3933. Let v = u - x. List the prime factors of v.
3
Suppose -10 = 5*d - 7*d. Suppose 2*n + d*y - 3*y = -92, 2*n - y = -89. Let u = n - -111. What are the prime factors of u?
2, 3, 11
Suppose -i - 5*i - 2484 = 0. List the prime factors of (3/(-9))/((-6)/i)*-14.
2, 7, 23
Suppose 26075 = 20*q - 75105. List the prime factors of q.
5059
Suppose -5*v + 5*d - 2*d = -650, 0 = v + 3*d - 130. What are the prime factors of (-2236)/v*(-2 - 23)?
2, 5, 43
Let p(c) = -2*c**2 - 17*c + 3. Let z be p(-12). Let k = 35 + z. Let b = -25 - k. What are the prime factors of b?
3, 7
Let m(q) = -19*q + 132. Let o be m(7). What are the prime factors of 13152/32 - (7 - o)?
13, 31
Let u(o) = -o**3 + 14*o**2 + 37*o - 26. Let m be u(16). List the prime factors of -5 - (-103)/(4 - m/14).
2, 1